{"id":3,"date":"2024-06-23T14:54:20","date_gmt":"2024-06-23T14:54:20","guid":{"rendered":"http:\/\/www.p-suttner.de\/?page_id=3"},"modified":"2025-02-17T20:05:11","modified_gmt":"2025-02-17T20:05:11","slug":"privacy-policy","status":"publish","type":"page","link":"http:\/\/www.p-suttner.de\/?page_id=3","title":{"rendered":"About Me"},"content":{"rendered":"\n<p>Hallo und herzlich willkommen auf meiner Webseite!<\/p>\n\n\n\n<p>Mein Name ist Patrick Suttner und ich lebe im malerischen Mittelfranken, nahe Ansbach. Fotografie ist meine Leidenschaft, und ich freue mich darauf, diese Begeisterung mit Ihnen zu teilen.<\/p>\n\n\n\n<p>\u00dcber mich: Meine fotografische Reise begann im Jahr 2009, als ich f\u00fcr einen gro\u00dfen Urlaub meine erste digitale Spiegelreflexkamera (DSLR) erwarb. Seitdem habe ich viele Kameras verschiedener Hersteller in die Hand genommen und meine F\u00e4higkeiten kontinuierlich weiterentwickelt.<\/p>\n\n\n\n<p>Mit der Zeit wuchs meine Ausr\u00fcstung sowohl in Gr\u00f6\u00dfe als auch in Wert. Dies f\u00fchrte dazu, dass ich immer h\u00e4ufiger Anfragen erhielt, ob ich fotografische Dienstleistungen anbieten k\u00f6nnte. Im Jahr 2017 entschied ich mich schlie\u00dflich dazu, ein Nebengewerbe als Fotograf anzumelden.<\/p>\n\n\n\n<p>Der Wechsel von einer DSLR zu einer spiegellosen Systemkamera war ein entscheidender Schritt, um Gewicht und Platz zu sparen und gleichzeitig neue kreative M\u00f6glichkeiten zu erschlie\u00dfen.<\/p>\n\n\n\n<p>Trotz dieser Umstellung wog meine Kameraausr\u00fcstung mehr als 3 kg (inklusive Kamera und drei Objektiven). Hinzu kamen Stativ, Tasche und diverses Zubeh\u00f6r, was das Gesamtgewicht auf \u00fcber 5 kg erh\u00f6hte.<\/p>\n\n\n\n<p>Zur\u00fcck zu den Wurzeln: Da meine Kamera auf keiner Reise fehlen darf, habe ich im Jahr 2025 meine gesamte Fotoausr\u00fcstung gegen eine hochwertige Kompaktkamera eingetauscht. Die Qualit\u00e4t meiner Fotos hat dadurch nicht gelitten \u2013 im Gegenteil, sie sind nun einfacher und professioneller geworden. Lediglich meine Herangehensweise an die Fotografie hat sich leicht ver\u00e4ndert.<\/p>\n\n\n\n<p>Auf meiner Webseite k\u00f6nnen Sie sehen, dass ich eine Vielzahl unterschiedlicher Motive fotografiere. Jedes Fotoshooting ist einzigartig und kann individuell an Ihre W\u00fcnsche angepasst werden. Kontaktieren Sie mich gerne unverbindlich \u2013 gemeinsam finden wir eine L\u00f6sung, die zu Ihnen passt.<\/p>\n\n\n\n<blockquote class=\"wp-block-quote is-layout-flow wp-block-quote-is-layout-flow\">\n<p><em>Wie Henri Cartier-Bresson schon sagte: &#8222;Ein gutes Foto ist ein Foto, auf das man l\u00e4nger als eine Sekunde schaut.&#8220;<\/em><\/p>\n<\/blockquote>\n\n\n\n<p>Datenschutz ist mir \u00e4u\u00dferst wichtig. Daher finden Sie auf meiner Webseite keine Fotos von Kindern, Babys oder Familien. Sollten Sie Referenzfotos einsehen wollen, k\u00f6nnen Sie dies gerne vor Ort tun. Vereinbaren Sie dazu einfach einen Termin.<\/p>\n\n\n\n<p>Wenn Sie Interesse an einem Fotoshooting jeglicher Art haben, schreiben oder sprechen Sie mich gerne unverbindlich an. Gemeinsam setzen wir Ihre Ideen in die Tat um.<\/p>\n","protected":false},"excerpt":{"rendered":"<p>Hallo und herzlich willkommen auf meiner Webseite! Mein Name ist Patrick Suttner und ich lebe im malerischen Mittelfranken, nahe Ansbach. Fotografie ist meine &hellip; <a href=\"http:\/\/www.p-suttner.de\/?page_id=3\" class=\"more-link\"><span>Weiter lesen<span class=\"screen-reader-text\">About Me<\/span><\/span><\/a><\/p>\n","protected":false},"author":1,"featured_media":751,"parent":0,"menu_order":0,"comment_status":"closed","ping_status":"open","template":"","meta":{"footnotes":""},"class_list":["post-3","page","type-page","status-publish","has-post-thumbnail","hentry"],"_links":{"self":[{"href":"http:\/\/www.p-suttner.de\/index.php?rest_route=\/wp\/v2\/pages\/3","targetHints":{"allow":["GET"]}}],"collection":[{"href":"http:\/\/www.p-suttner.de\/index.php?rest_route=\/wp\/v2\/pages"}],"about":[{"href":"http:\/\/www.p-suttner.de\/index.php?rest_route=\/wp\/v2\/types\/page"}],"author":[{"embeddable":true,"href":"http:\/\/www.p-suttner.de\/index.php?rest_route=\/wp\/v2\/users\/1"}],"replies":[{"embeddable":true,"href":"http:\/\/www.p-suttner.de\/index.php?rest_route=%2Fwp%2Fv2%2Fcomments&post=3"}],"version-history":[{"count":7,"href":"http:\/\/www.p-suttner.de\/index.php?rest_route=\/wp\/v2\/pages\/3\/revisions"}],"predecessor-version":[{"id":753,"href":"http:\/\/www.p-suttner.de\/index.php?rest_route=\/wp\/v2\/pages\/3\/revisions\/753"}],"wp:featuredmedia":[{"embeddable":true,"href":"http:\/\/www.p-suttner.de\/index.php?rest_route=\/wp\/v2\/media\/751"}],"wp:attachment":[{"href":"http:\/\/www.p-suttner.de\/index.php?rest_route=%2Fwp%2Fv2%2Fmedia&parent=3"}],"curies":[{"name":"wp","href":"https:\/\/api.w.org\/{rel}","templated":true}]}}